ctor of f and k.
11
Let m = -19492 + 19518. Calculate the highest common divisor of 13 and m.
13
Suppose 0 = -9*w - 1040 + 1634. What is the greatest common factor of 7887 and w?
33
Suppose -t - n - 9679 = -3*t, 0 = 4*t + 4*n - 19376. Calculate the highest common divisor of t and 103.
103
Let f = 12925 + -9749. What is the greatest common divisor of 8 and f?
8
Let o be 68/28 + (-3)/(21/(-4)). Let t be (-1314)/(-24) + o/12. Let u(d) = 96*d**2 + 3*d - 5. Let j be u(2). What is the greatest common factor of t and j?
55
Suppose -22*w - 150 + 392 = 0. What is the greatest common divisor of 737 and w?
11
Let z be 3/(297/8622) - 6/66. What is the highest common divisor of z and 203?
29
Let x = 18041 - 18019. What is the greatest common divisor of x and 4103?
11
Let b(s) = s**3 - 3*s**2. Let q be b(4). Suppose 7*k - 18*k = -424 - 280. Calculate the greatest common divisor of q and k.
16
Let u(i) = -i + 9. Let s be u(-2). Suppose -f + s = 67. Let l be ((-15)/2)/(3/f). What is the highest common divisor of l and 20?
20
Suppose -31*v = -3176 - 17935. Calculate the highest common divisor of 6 and v.
3
Let n = -570 + 830. Let w be (-2)/(-23) - 7328/552*15/(-10). Calculate the highest common divisor of n and w.
20
Let k(p) = 1004*p - 2545. Let h be k(5). Calculate the greatest common divisor of 75 and h.
75
Suppose 47587 = 136*b + 5956 - 29633. Calculate the greatest common factor of 16506 and b.
262
Suppose 0 = -2*k - 52*u + 48*u + 130, 4*k - 260 = 3*u. What is the highest common factor of k and 9139?
13
Let v = 246 + -250. Let x be ((-10)/v)/(50/100). Calculate the highest common factor of x and 180.
5
Let o be (5*-3)/((-39)/52). Suppose -10*n + o = -0*n. Let f be (-4)/1*(n + (-56)/16). Calculate the highest common divisor of 48 and f.
6
Suppose 4*n - 2*n + 160 = 0. Let k = -8 - n. Let c = -72243 + 72252. Calculate the greatest common factor of k and c.
9
Let q = -2481 - -9580. Calculate the highest common factor of 31 and q.
31
Let u(a) = 107 - 27*a + 23*a - 7. Let i be u(0). What is the greatest common factor of 60 and i?
20
Let g = 2911 - 2417. What is the highest common factor of g and 1672?
38
Let r be (-2 + 2)/(-6 - -5). Let q = -9 - -29. Let p = q + r. Calculate the highest common divisor of p and 8.
4
Let o be (-2)/((-4)/(-2)) - -17. Let v = 841 - 1042. Let h = v + 377. Calculate the highest common divisor of h and o.
16
Let j be -6*6/12*-1. Suppose 4*r - w + 4*w + 2 = 0, -j*w - 4 = 5*r. Let z(y) = -72*y - 12. Let h be z(r). Calculate the highest common factor of h and 44.
44
Suppose 0 = 3*l + 7363 - 21841. Calculate the greatest common divisor of 114 and l.
38
Let f be (94/(-3290))/(1/(-1015)). Let q be 2 + 1*(2 + -1). Suppose 116 = q*p - p. Calculate the highest common divisor of p and f.
29
Let h(p) = 38 + 27*p - 27 + 3*p**3 + 29 - 15*p**2 + 16 - 4*p**3. Let i be h(-17). What is the highest common divisor of i and 50?
25
Let i = -5 - -19. Suppose 4*n + 3*v = 613, -n = -3*n - 4*v + 304. Suppose 7*c - 336 = n. Calculate the greatest common factor of c and i.
14
Let h(s) = 31*s**2 + 27*s - 75. Let x be h(11). Calculate the greatest common factor of 274 and x.
137
Let q(c) = -c**2 + 20*c - 13. Let n be q(13). Suppose -n*o + 73*o = -15. Let m be 9/((-2)/24*(-6 + o)). What is the highest common factor of m and 9?
9
Let f be (-12)/(-18) + 106/(-6). Let x = 26 + f. Suppose 0 = 25*a + 99*a - 124. What is the greatest common divisor of a and x?
1
Let z = 23 - -7. Let m = z - 30. Suppose -4*n + 4 = 0, 3*q + m*n - 7 = 5*n. What is the greatest common divisor of q and 20?
4
Let o(b) = 8*b**3 - 2*b**2 + 5*b - 4. Let t be o(2). Let a = 134 - t. Calculate the greatest common factor of 8 and a.
8
Let j = 23 - 7. Suppose i - 76 = -222*b + 220*b, 5*b = -5*i + 330. Calculate the greatest common divisor of i and j.
8
Suppose 14893 + 16915 = 14*n. What is the highest common factor of n and 64?
32
Let k(p) = -10*p + 1. Let l be k(-2). Suppose 0 = x - n - 2168 + 1573, -35 = 5*n. What is the highest common factor of l and x?
21
Let z = -151 - -168. Let w = 31 - 14. Calculate the highest common factor of w and z.
17
Let a = -31 + 53. Let i(o) = 4*o**2 - 18*o - 76. Let c be i(-6). Let l be c/(-12)*12/(-8). Calculate the highest common factor of l and a.
22
Suppose m - 1253 = h - 1247, -4*h - m + 16 = 0. Let v = 272 - 138. Calculate the greatest common divisor of v and h.
2
Let z(l) = 6*l - 16. Let k = 82 + -66. Suppose 2*u + 4 = -u + 5*b, 3*u - b - k = 0. Let w be z(u). What is the highest common factor of 65 and w?
13
Suppose -7*a = -11*a + 20. Suppose -4*b + t + 156 = a*t, -3*b + 149 = -5*t. Let i = -42 + b. What is the highest common divisor of i and 11?
1
Suppose -10498 + 10771 = 21*y. Suppose 0 = 3*w - 6 - 33. What is the highest common divisor of w and y?
13
Let z be (-4)/(-9) + (-1041)/(-27). What is the highest common divisor of 16536 and z?
39
Suppose 25 = l + 7. Suppose -l*d = -11*d - 70. Calculate the highest common factor of d and 100.
10
Suppose -4*t - 3*y = -2467, 25*t - 21*t + 5*y = 2461. Suppose 4*k - 4*w = 9*k - t, 3*k + 3*w - 372 = 0. What is the highest common factor of k and 82?
41
Suppose 0 = 14*z - 8*z - 294. Suppose -5*y = 5 - 15. Suppose -56 = -y*x - 6*x. Calculate the highest common divisor of x and z.
7
Let o = -44 - -68. What is the highest common divisor of 1692 and o?
12
Suppose -34*m = -15461 - 854 + 2375. Calculate the greatest common factor of 20 and m.
10
Let a be 14 + -9 + 0/1 - -1. Let l be (16 + 26)/(a/76). What is the greatest common divisor of 56 and l?
28
Let q(s) = -217*s - 26. Let w be q(-2). Calculate the highest common factor of w and 108.
12
Let w = 50 + -78. Let n = 100 + w. Let v(g) = -g**3 - 21*g**2 + 23*g + 30. Let a be v(-22). Calculate the highest common divisor of n and a.
8
Let u(f) = -3*f**3 - 39*f**2 + 35*f + 37. Let j be u(-14). Suppose 6*k = 10*k - 720. Calculate the highest common divisor of j and k.
45
Let k = 2545 - 1610. Calculate the highest common divisor of 44 and k.
11
Suppose 4*c - c - 31 = 5*t, 0 = -3*t + 12. Let s(i) = 17*i + 442. Let x be s(21). What is the highest common factor of c and x?
17
Let a(i) = 622*i + 1915. Let y be a(-3). What is the highest common factor of y and 63?
7
Let g(p) = p**3 - 14*p**2 - 17*p + 34. Let q be g(15). Suppose -4*x + 896 = -4*r, 1063 = q*x - 2*r + 167. Calculate the highest common divisor of x and 32.
32
Let d = 168305 + -167585. Let s be ((-90)/(-8))/(1/4). Calculate the greatest common factor of d and s.
45
Let v(x) = 63*x**2 - 361*x - 3. Let h be v(6). What is the highest common factor of 77 and h?
11
Let w be (4/8)/((-13)/(-546)). Suppose 2*p - 5*h - w = 63, 0 = p - h - 48. Calculate the greatest common factor of p and 143.
13
Let p(r) = -r**3 - 84*r**2 - 251*r - 58. Let a be p(-81). What is the greatest common factor of a and 20?
10
Suppose 0*s - s = -36. Let o = s - 34. Suppose -v - 3*n - o + 38 = 0, 0 = -5*v + 5*n + 240. Calculate the greatest common factor of v and 15.
15
Let r be (-86)/903 - (-187)/(-21). Let w = 42 + r. Calculate the greatest common factor of w and 231.
33
Suppose 0 = 5*k - 20 - 780. Let x = k - 158. What is the greatest common divisor of 9 and x?
1
Let k(s) = 10*s**2 + 25*s + 94. Let x be k(-8). Let r = 544 - x. What is the highest common factor of 130 and r?
10
Suppose 2*g = -5*h + 1414 - 334, 3*g = 5*h - 1080. Calculate the highest common factor of h and 152.
8
Let y be 6/(-4) - (-19)/2. Suppose 4*x = -2*g + 44, 2*g + 5*x = 40 - 1. Suppose g = -6*s + y*s. What is the greatest common factor of s and 144?
16
Suppose 3*m - 10*m = -21. Suppose -m*c - 77 + 98 = 0. Suppose -5*s = 2*z - 83, -c*z + 2*z - 3*s = -217. What is the highest common factor of 220 and z?
44
Let c(a) = 6*a - 1. Let k be c(3). Suppose 5*z - 455 = -5*q, -q + 4*z + 70 = -11. Suppose -10*o = -81 - q. What is the highest common factor of o and k?
17
Let q(g) = -7*g + 11. Let p be q(1). Suppose 3*u = 118 + 5. Suppose -k - p = -u. Calculate the highest common divisor of k and 111.
37
Let x = -622 - -684. What is the greatest common factor of 1054 and x?
62
Let l(u) = -17*u. Let s be l(-1). Let c(f) = 4*f**2 + 4*f - 71. Suppose -8*h = -h + 56. Let q be c(h). Calculate the greatest common factor of q and s.
17
Let n(r) = -10*r + 33. Let x be n(9). Let k = -53 - x. Suppose 0 = -3